 = 15138*j**3 - 3*j**2 + 9*j + 17. Is n(3) a composite number?
False
Suppose -5*x = -2*y - 1288179, 2*y + 856157 = 3*x + 83256. Is x a composite number?
False
Let p(x) = -x**2 - 3*x + 2. Let t be p(-3). Suppose t*o - 7*o - 18855 = -5*b, -2*o - b = 7545. Is (-8)/24 + o/(-3) a prime number?
False
Let d(g) = -5*g**3 - 10*g**2 - 4*g - 259. Is d(-24) prime?
True
Suppose 155*p - 17354957 = -232*p + 2341021. Is p prime?
False
Let j = 148 + -55. Suppose 5*t - 25 = 0, -u - 185*t + 181*t = -122. Suppose j + u = 3*s. Is s prime?
False
Let k(p) = -314*p**3 + 30*p**2 + 22*p + 51. Is k(-10) a prime number?
False
Let x(m) = 6 - 271*m + 343*m + 609*m. Let i be x(3). Let c = -1278 + i. Is c a composite number?
True
Let w(v) = -8460*v**3 - 17*v**2 - 10*v + 9. Is w(-4) prime?
True
Let q(t) = 330*t - 77. Let o = -132 - -152. Is q(o) composite?
True
Let g(d) = 826*d**2 + 95*d - 1323. Is g(92) prime?
True
Is 2/(-16) + 6/20 + (-878407281)/(-7080) composite?
True
Let s = 3462 + -3458. Let r(d) be the first derivative of 17*d**3/3 - 2*d**2 - 5*d + 1. Is r(s) prime?
True
Let s be 4/5 + (-12)/(-8 - 52). Let h(j) = -2*j**2 + 60*j**3 - 11*j**3 + 63*j**3 - 29*j**3 + 2. Is h(s) a composite number?
False
Let s(o) = 4140*o - 1301. Is s(12) prime?
False
Let g(u) = 2*u - 21. Let r be g(12). Suppose -6*k + 2*k = r*x - 40, -5*x - 2*k = -62. Suppose -x*b + 29734 = 5518. Is b a composite number?
True
Let r be 348/42 + 2/(-7). Let z(f) = -682*f - r - 9 + 22. Is z(-3) a composite number?
True
Let o = -30011 - -64008. Is o a prime number?
True
Let h(i) = i**3 - 9*i**2 + 13*i - 13. Let q(a) = 7*a - 33. Let r(b) = -13*b + 67. Let p(j) = 7*q(j) + 4*r(j). Let c be p(9). Is h(c) a composite number?
True
Let m(h) = -71*h**2 + 15*h - 2. Let d be m(5). Let n = d - -4035. Is n a composite number?
False
Let h(l) = -3*l + 9. Let p be h(3). Suppose -12 = -2*c - 2*i, p = -2*c + 5*i - 2*i - 3. Suppose 3*m - 180 = -c*r, -5*m - 5*r + 291 = -9*r. Is m composite?
False
Let s(y) = 37972*y + 263. Is s(2) a composite number?
False
Let z be 2*(-114301)/44*(1 - -1). Let g = 440 - z. Is g a prime number?
True
Let u(y) = 22 - 31*y - 3 + y. Suppose -o + 5*h + 4 = h, -4*o - 35 = h. Is u(o) a composite number?
True
Let p = -484323 + 1246204. Is p prime?
False
Let k(g) be the first derivative of 2*g**4 - 16*g**3/3 + 10*g**2 + 21*g - 4. Is k(10) a prime number?
False
Let t(q) = 9*q**3 - q**2 - 9*q + 14. Let y be t(4). Let n = 17 - 4. Suppose y + 2803 = n*j. Is j a prime number?
True
Let b be (-2)/3 - (-3 + (-213880)/6). Suppose 2*z - 11*z + b = 0. Is z prime?
False
Is 522584*17*(-10)/(-680) prime?
False
Let h(w) = 2*w + 44. Let l be h(-20). Let c be (-1 + 8 - l)/1. Suppose 0 = r - c*r - 8, 5*i + 4*r = 13599. Is i composite?
True
Let y be -6088 - ((-104)/40 + 3/5). Let s = 15122 + y. Is (s/54)/(2/3) prime?
True
Let c = -18289 - -35900. Is c a prime number?
False
Let h = -129145 - -183300. Is h a composite number?
True
Suppose 0 = k + 7 - 84. Suppose h - 27 = -k. Let a = h - -69. Is a a prime number?
True
Suppose -132*t + 133*t - 30931 = -h, 0 = -4*h + 3*t + 123724. Is h a composite number?
False
Suppose 79 = 14*k + 9. Let x = -320 + 648. Is (k + 2)*(3 + x) prime?
False
Is (4/16)/((-13)/614913)*40/(-6) composite?
True
Is (-14 + 0)*629093/(-122) composite?
True
Let y(w) = 6*w**2 - 32*w + 13. Let a be -5 - (2/(2/(-13)) + 2). Is y(a) composite?
False
Let l be (-6)/(-21) - 156/(-42). Let h be l*1 + (-11 - -84). Is (-1)/(4/(-21746)) - h/(-154) a prime number?
True
Suppose -824541 = -2*p - 5*b, 3*p + 4*b - 1099547 - 137282 = 0. Is p a composite number?
True
Let l = 4 - 4. Suppose l = -0*p + 4*p + 3*v + 4, 5*v - 2 = 2*p. Is ((2 + p)*-521)/(1 - 2) composite?
False
Let s be -1 + 2 - (-4)/(-4). Suppose s*l = -l + 232. Let o = l - 87. Is o a composite number?
True
Let g(b) = 193*b**3 - 19*b**2 - 44*b + 422. Is g(12) composite?
True
Suppose 0 = -13*h - 3234 + 59251. Let a = -2766 + h. Is a a prime number?
True
Suppose -3*j + 4*j = -3*j. Let h(d) = -d**2 - d - 12273. Let f be h(j). Is (1/2)/(f/(-2454) + -5) composite?
False
Suppose -9488180 = -116*z - 42*z + 28*z. Is z composite?
True
Let n(v) = 1847*v - 35. Let g be n(4). Suppose 3*x = -5*d + g, -5*x + 0*x + 12242 = 4*d. Is x composite?
True
Let y(z) = 3*z + 35. Let n be y(-2). Suppose n*h + 71385 - 177554 = 0. Is h a prime number?
False
Is 11960613/252 + (-10)/(-8) + (-28)/(-4) prime?
False
Let n(r) = 117*r + 40. Let w be n(-7). Let t = 337 + w. Let f = t - -665. Is f a prime number?
True
Let o be (-5 - -3 - 0) + -4826. Let r = o + 7247. Is r a prime number?
False
Let p(x) = x**2 - 33*x + 200. Let h be p(8). Suppose -7*t + 5064 + 9601 = h. Is t a prime number?
False
Suppose -2*q + 16 = 8. Suppose -2*m + 0*m = -5*g + 42425, -g + 8463 = q*m. Is g a composite number?
True
Let l(d) = d**3 - 2*d**2 + 230*d + 54. Is l(49) a composite number?
False
Suppose -92 = -3*y - p + 3, 4*p - 116 = -4*y. Let j = y - 29. Suppose -4075 = -3*l + 2*q, -q + 8 = j. Is l composite?
False
Let r = 342208 - 196631. Is r a composite number?
False
Let q = 277796 - 50515. Is q a prime number?
True
Let u = -2204617 + 3131454. Is u composite?
True
Suppose -4*r - 3*r = -49. Suppose -r*z + 319 = -24104. Is z composite?
True
Suppose d - 16791 = -n, 2*n = -4*d + 48411 - 14837. Is n a prime number?
False
Let x(z) = 250*z + 75. Let q(u) = 29 - 4 + 48*u + 35*u. Let w(n) = -7*q(n) + 2*x(n). Is w(-10) composite?
True
Is (-5032493)/(-2) + 12*(-3)/24 a prime number?
False
Let t(d) = 124*d**2 + 31*d - 25. Let l be t(-27). Suppose 5*k - l + 7879 = 0. Is k composite?
True
Is (-1856400)/(-39) + (0 - 3) a prime number?
False
Let t = -49 + 52. Suppose -a + 37432 = 5*s - 9281, 0 = 4*s - t*a - 37378. Is s composite?
False
Suppose -5264*a = -5260*a - 3*q - 172564, 5*q - 43141 = -a. Is a a prime number?
False
Let s(g) = 769104*g + 283. Is s(1) a composite number?
False
Let r(x) = x**2 + 5*x + 2. Suppose 2*u = u + 15. Suppose -u = -2*k + j, -k - 3*j + 10 = -j. Is r(k) a composite number?
True
Suppose -4 = -o, 4*o - 3*o - 117586 = -2*t. Is t prime?
False
Suppose -2*m - 29688 = 2*r, -4*m - 44534 = -m + 2*r. Let x = m + 37412. Suppose -16*s + 22*s - x = 0. Is s a prime number?
True
Suppose -71*r + 69*r + 437418 = 4*w, w - 5*r - 109360 = 0. Is w a prime number?
False
Let r = 405 - 397. Suppose -4*b = -3*k + 45759, -9*k + r*k + 15253 = -2*b. Is k composite?
True
Let k(n) = 17*n**2 + 65*n - 373. Is k(50) a prime number?
True
Let q = -49229 + 69060. Is q prime?
False
Let c(f) = 88130*f - 1019. Is c(15) composite?
False
Let h(f) = -4 - 282*f - 8 + 7 - 5849*f + 175*f. Is h(-3) a prime number?
True
Suppose 15*u - 14*u + 5 = 0, -5*u - 15 = 5*p. Suppose 2 + 4 = 3*x. Suppose x*a = b - 253, -p*b + a - 2*a = -501. Is b prime?
True
Suppose 5*g - 2*b + 45 + 5 = 0, 3*b = 0. Is (g - (7 - 19))*(-762)/(-4) composite?
True
Let n(g) = -g**2 - 3*g - 632. Let q be n(0). Let c = -595 - q. Is c prime?
True
Let a(x) be the second derivative of 65*x**3/6 + 9*x**2/2 - 2*x. Suppose -17 = -5*t - 3*i, 2*t + 0*i = 2*i + 10. Is a(t) a prime number?
True
Let p be 36428/12 - (-3)/9. Suppose -2*y + c = -1214, -c + p = 5*y - 3*c. Suppose 5*q = -3*g + y, 0*g + 125 = q + 4*g. Is q prime?
False
Let v be ((-4)/6)/(2/(-9)). Suppose v*j = -2*x + 20 - 333, x = -2*j - 154. Let a = 481 + x. Is a a prime number?
True
Let h be (-5)/(20/(-28)) + 0. Let j(b) = 26*b**2 - 8*b + 9. Let g be j(h). Let v = -544 + g. Is v prime?
True
Is (-1966074)/(-15) + -1 + 2139/(-115) + 19 composite?
False
Is (-1 - 84)*880392/(-40) + -4 composite?
False
Let w = 5 - 18. Let i = 3 - w. Suppose -i + 1772 = 4*x. Is x prime?
True
Let k be 4*(-15)/70*77. Is (-6 - 0)*(-203929)/k*-1 a composite number?
False
Suppose 103*k - 59313299 = -1788726. Is k a composite number?
False
Let g(x) = 6395*x + 11. Is g(4) prime?
False
Let b(o) = 111*o**2 + 4*o + 47. Let f be b(-7). Is 1/(-3) - f/(-3) a composite number?
True
Suppose -3*p + 22738 = -y - 25801, -4 = -4*y. Suppose -24*o = -4*o - p. Is o a prime number?
True
Let o = 245481 + -99122. Is o composite?
False
Let q(y) = 588*y**2 - 84*y - 23. Is q(-9) a composite number?
True
Let j be 2*(-5645)/(-10)*14. Suppose -3*q - j = -5*p, 2*p + q - 6329 = -0*q. Is p a composite number?
False
Suppose -20*p = -23*p. Suppose 5*c - 2*f + 12 - 33 = p, 0 = 2*c - 2*f - 6. Suppos